 by 21?
12
Calculate the remainder when 6251 is divided by 34.
29
Calculate the remainder when 475 is divided by 66.
13
Calculate the remainder when 71 is divided by 20.
11
What is the remainder when 464 is divided by 146?
26
What is the remainder when 476 is divided by 9?
8
Calculate the remainder when 1204 is divided by 6.
4
What is the remainder when 342 is divided by 160?
22
Calculate the remainder when 114 is divided by 29.
27
What is the remainder when 2343 is divided by 181?
171
What is the remainder when 80 is divided by 28?
24
What is the remainder when 832 is divided by 102?
16
Calculate the remainder when 62 is divided by 31.
0
What is the remainder when 550 is divided by 19?
18
Calculate the remainder when 461 is divided by 56.
13
What is the remainder when 287 is divided by 32?
31
What is the remainder when 620 is divided by 162?
134
What is the remainder when 551 is divided by 111?
107
Calculate the remainder when 609 is divided by 36.
33
Calculate the remainder when 2967 is divided by 493.
9
Calculate the remainder when 1659 is divided by 34.
27
Calculate the remainder when 1948 is divided by 75.
73
Calculate the remainder when 143 is divided by 60.
23
Calculate the remainder when 77 is divided by 27.
23
What is the remainder when 250 is divided by 114?
22
Calculate the remainder when 681 is divided by 114.
111
Calculate the remainder when 23 is divided by 6.
5
What is the remainder when 1936 is divided by 32?
16
Calculate the remainder when 1027 is divided by 103.
100
What is the remainder when 478 is divided by 120?
118
What is the remainder when 562 is divided by 22?
12
Calculate the remainder when 50 is divided by 13.
11
What is the remainder when 84 is divided by 39?
6
What is the remainder when 1057 is divided by 212?
209
What is the remainder when 491 is divided by 13?
10
What is the remainder when 2428 is divided by 174?
166
What is the remainder when 208 is divided by 6?
4
What is the remainder when 1128 is divided by 87?
84
Calculate the remainder when 1992 is divided by 57.
54
What is the remainder when 7933 is divided by 54?
49
What is the remainder when 10034 is divided by 21?
17
What is the remainder when 4280 is divided by 32?
24
What is the remainder when 1211 is divided by 12?
11
Calculate the remainder when 151 is divided by 47.
10
What is the remainder when 6012 is divided by 3?
0
Calculate the remainder when 12422 is divided by 35.
32
What is the remainder when 7078 is divided by 3538?
2
Calculate the remainder when 1834 is divided by 40.
34
Calculate the remainder when 607 is divided by 114.
37
Calculate the remainder when 42 is divided by 7.
0
Calculate the remainder when 981 is divided by 123.
120
Calculate the remainder when 933 is divided by 18.
15
What is the remainder when 132 is divided by 69?
63
What is the remainder when 61 is divided by 53?
8
Calculate the remainder when 1418 is divided by 22.
10
Calculate the remainder when 1692 is divided by 846.
0
Calculate the remainder when 723 is divided by 29.
27
What is the remainder when 42 is divided by 2?
0
What is the remainder when 75 is divided by 21?
12
What is the remainder when 307 is divided by 77?
76
What is the remainder when 7640 is divided by 91?
87
What is the remainder when 211 is divided by 197?
14
Calculate the remainder when 20892 is divided by 7.
4
Calculate the remainder when 625 is divided by 204.
13
What is the remainder when 3341 is divided by 833?
9
What is the remainder when 1026 is divided by 147?
144
Calculate the remainder when 273 is divided by 15.
3
Calculate the remainder when 536 is divided by 54.
50
Calculate the remainder when 1137 is divided by 52.
45
What is the remainder when 4474 is divided by 893?
9
Calculate the remainder when 73 is divided by 59.
14
What is the remainder when 64 is divided by 47?
17
What is the remainder when 94 is divided by 13?
3
Calculate the remainder when 924 is divided by 455.
14
What is the remainder when 32 is divided by 14?
4
What is the remainder when 33 is divided by 14?
5
Calculate the remainder when 10749 is divided by 96.
93
What is the remainder when 1072 is divided by 1060?
12
What is the remainder when 551 is divided by 111?
107
Calculate the remainder when 11219 is divided by 255.
254
Calculate the remainder when 1086 is divided by 358.
12
Calculate the remainder when 248 is divided by 39.
14
Calculate the remainder when 310 is divided by 127.
56
Calculate the remainder when 6287 is divided by 86.
9
What is the remainder when 1758 is divided by 16?
14
Calculate the remainder when 179 is divided by 59.
2
Calculate the remainder when 29 is divided by 9.
2
Calculate the remainder when 7641 is divided by 91.
88
Calculate the remainder when 140 is divided by 40.
20
What is the remainder when 429 is divided by 422?
7
What is the remainder when 3220 is divided by 13?
9
What is the remainder when 209 is divided by 106?
103
Calculate the remainder when 250 is divided by 43.
35
Calculate the remainder when 3814 is divided by 147.
139
Calculate the remainder when 1183 is divided by 206.
153
Calculate the remainder when 1013 is divided by 52.
25
Calculate the remainder when 381 is divided by 64.
61
What is the remainder when 687 is divided by 112?
15
What is the remainder when 1332 is divided by 8?
4
What is the remainder when 447 is divided by 350?
97
Calculate the remainder when 223 is divided by 49.
27
What is the remainder when 102 is divided by 17?
0
What is the remainder when 34 is divided by 17?
0
Calculate the remainder when 312 is divided by 15.
12
What is the remainder when 119 is divided by 21?
14
Calculate the remainder when 77 is divided by 9.
5
What is the remainder when 160 is divided by 37?
12
What is the remainder when 82 is divided by 12?
10
What is the remainder when 206 is divided by 70?
66
What is the remainder when 407 is divided by 51?
50
Calculate the remainder when 89 is divided by 41.
7
Calculate the remainder when 264 is divided by 19.
17
Calculate the remainder when 675 is divided by 23.
8
Calculate the remainder when 155 is divided by 64.
27
What is the remainder when 877 is divided by 68?
61
What is the remainder when 2603 is divided by 14?
13
Calculate the remainder when 75 is divided by 19.
18
Calculate the remainder when 258 is divided by 78.
24
What is the remainder when 153 is divided by 5?
3
What is the remainder when 14 is divided by 14?
0
What is the remainder when 400 is divided by 44?
4
Calculate the remainder when 4206 is divided by 39.
33
Calculate the remainder when 2754 is divided by 106.
104
What is the remainder when 4835 is divided by 41?
38
Calculate the remainder when 187 is divided by 9.
7
Calculate the remainder when 715 is divided by 38.
31
What is the remainder when 1494 is divided by 191?
157
Calculate the remainder when 221 is divided by 35.
11
Calculate the remainder when 60 is divided by 9.
6
Calculate the remainder when 176 is divided by 15.
11
What is the remainder when 245 is divided by 14?
7
Calculate the remainder when 3468 is divided by 10.
8
Calculate the remainder when 1606 is divided by 1584.
22
What is the remainder when 508 is divided by 17?
15
What is the remainder when 857 is divided by 78?
77
Calculate the remainder when 67 is divided by 22.
1
Calculate the remainder when 279 is divided by 73.
60
Calculate the remainder when 262 is divided by 67.
61
What is the remainder when 46 is divided by 43?
3
What is the remainder when 113 is divided by 29?
26
Calculate the remainder when 107 is divided by 49.
9
Calculate the remainder when 197 is divided by 68.
61
Calculate the remainder when 1232 is divided by 10.
2
Calculate the remainder when 404 is divided by 58.
56
Calculate the remainder when 2433 is divided by 42.
39
What is the remainder when 3835 is divided by 28?
27
What is the remainder when 354 is divided by 60?
54
What is the remainder when 6029 is divided by 151?
140
Calculate the remainder when 280 is divided by 43.
22
What is the remainder when 156 is divided by 20?
16
What is the remainder when 488 is divided by 10?
8
What is the remainder when 323 is divided by 7?
1
Calculate the remainder when 841 is divided by 219.
184
Calculate the remainder when 161 is divided by 24.
17
Calculate the remainder when 251 is d